What is the hundreds digit of 194363527?
5
What is the units digit of 14167551?
1
What is the hundred millions digit of 121082579?
1
What is the hundred thousands digit of 9154860076?
8
What is the millions digit of 26336982?
6
What is the tens digit of 1215058525?
2
What is the ten thousands digit of 18821703?
2
What is the hundred millions digit of 8483075934?
4
What is the tens digit of 40065447?
4
What is the ten millions digit of 345167666?
4
What is the thousands digit of 2149279002?
9
What is the billions digit of 1450495586?
1
What is the units digit of 4689360217?
7
What is the units digit of 584487470?
0
What is the tens digit of 84314423?
2
What is the ten millions digit of 55106508?
5
What is the hundred thousands digit of 11568654?
5
What is the hundred thousands digit of 44679623?
6
What is the units digit of 42754384?
4
What is the hundred thousands digit of 51798985?
7
What is the ten thousands digit of 2601032973?
3
What is the hundred thousands digit of 9068324?
0
What is the thousands digit of 23414964?
4
What is the millions digit of 94643417?
4
What is the ten thousands digit of 306748243?
4
What is the hundred millions digit of 1099178626?
0
What is the ten millions digit of 3634863309?
3
What is the thousands digit of 2091524793?
4
What is the units digit of 435301984?
4
What is the thousands digit of 219021052?
1
What is the hundreds digit of 19933585?
5
What is the tens digit of 766651089?
8
What is the tens digit of 715619636?
3
What is the thousands digit of 5838675931?
5
What is the tens digit of 2890707878?
7
What is the ten thousands digit of 44688179?
8
What is the ten thousands digit of 16079514?
7
What is the units digit of 332816409?
9
What is the hundred thousands digit of 2547103859?
1
What is the tens digit of 727919341?
4
What is the units digit of 9701404?
4
What is the units digit of 885610973?
3
What is the ten millions digit of 45735765?
4
What is the hundred thousands digit of 102798261?
7
What is the ten thousands digit of 222695545?
9
What is the units digit of 5177407933?
3
What is the hundred millions digit of 3046754057?
0
What is the units digit of 2779380366?
6
What is the ten millions digit of 21659086?
2
What is the units digit of 1200212648?
8
What is the ten millions digit of 54174267?
5
What is the hundred thousands digit of 269808627?
8
What is the millions digit of 445805539?
5
What is the ten millions digit of 156867431?
5
What is the thousands digit of 122653539?
3
What is the hundred thousands digit of 358434730?
4
What is the millions digit of 1122473068?
2
What is the tens digit of 41084376?
7
What is the hundred thousands digit of 539254637?
2
What is the hundred millions digit of 501220511?
5
What is the ten millions digit of 2627708188?
2
What is the units digit of 177187046?
6
What is the ten millions digit of 8326189873?
2
What is the thousands digit of 18663311?
3
What is the thousands digit of 1673531013?
1
What is the hundreds digit of 165734045?
0
What is the hundred thousands digit of 494290693?
2
What is the millions digit of 7135461?
7
What is the hundred thousands digit of 22674100?
6
What is the tens digit of 42958587?
8
What is the ten thousands digit of 400334528?
3
What is the hundred thousands digit of 2970065684?
0
What is the ten millions digit of 33929509?
3
What is the millions digit of 64480993?
4
What is the units digit of 6728065677?
7
What is the thousands digit of 432457700?
7
What is the ten thousands digit of 35977873?
7
What is the units digit of 387372093?
3
What is the hundreds digit of 2399727310?
3
What is the hundred thousands digit of 87189926?
1
What is the billions digit of 3836067090?
3
What is the units digit of 37091354?
4
What is the millions digit of 102634889?
2
What is the thousands digit of 1475889166?
9
What is the millions digit of 64324034?
4
What is the tens digit of 979263604?
0
What is the ten thousands digit of 5279063665?
6
What is the ten thousands digit of 52405419?
0
What is the millions digit of 79472742?
9
What is the ten thousands digit of 12081148?
8
What is the hundreds digit of 5918726?
7
What is the thousands digit of 30435295?
5
What is the hundred millions digit of 665434625?
6
What is the thousands digit of 1188452917?
2
What is the hundreds digit of 611483148?
1
What is the thousands digit of 101932052?
2
What is the thousands digit of 1305526938?
6
What is the millions digit of 616462145?
6
What is the hundreds digit of 3390929?
9
What is the thousands digit of 214713840?
3
What is the hundred thousands digit of 180145213?
1
What is the hundreds digit of 2015347991?
9
What is the hundreds digit of 107221197?
1
What is the ten thousands digit of 66240034?
4
What is the tens digit of 132973246?
4
What is the millions digit of 5467516671?
7
What is the millions digit of 15405089?
5
What is the ten millions digit of 19928335?
1
What is the units digit of 137313316?
6
What is the tens digit of 5157145217?
1
What is the billions digit of 3224918945?
3
What is the thousands digit of 63637953?
7
What is the thousands digit of 39763473?
3
What is the ten thousands digit of 4214157?
1
What is the hundred thousands digit of 675940478?
9
What is the hundreds digit of 1319364235?
2
What is the millions digit of 581565427?
1
What is the ten thousands digit of 4389143543?
4
What is the billions digit of 2757866710?
2
What is the ten thousands digit of 151046309?
4
What is the ten millions digit of 30360764?
3
What is the ten thousands digit of 158692017?
9
What is the hundred thousands digit of 47358204?
3
What is the thousands digit of 1193338377?
8
What is the hundred millions digit of 3353432012?
3
What is the hundred thousands digit of 51606121?
6
What is the millions digit of 1576479984?
6
What is the hundred thousands digit of 345884960?
8
What is the thousands digit of 120667184?
7
What is the units digit of 15225716?
6
What is the hundreds digit of 392172488?
4
What is the hundred millions digit of 2833893766?
8
What is the hundred thousands digit of 731925605?
9
What is the hundreds digit of 4691356798?
7
What is the thousands digit of 203592204?
2
What is the tens digit of 91194800?
0
What is the hundred thousands digit of 69142359?
1
What is the units digit of 53644314?
4
What is the ten thousands digit of 4915146490?
4
What is the hundred thousands digit of 892895506?
8
What is the hundreds digit of 372657182?
1
What is the ten thousands digit of 83274326?
7
What is the units digit of 79484825?
5
What is the tens digit of 30200741?
4
What is the tens digit of 15087232?
3
What is the tens digit of 46127147?
4
What is the hundreds digit of 10131676?
6
What is the ten thousands digit of 116121706?
2
What is the ten thousands digit of 412083546?
8
What is the tens digit of 56489661?
6
What is the billions digit of 1190065773?
1
What is the thousands digit of 6224302?
4
What is the ten thousands digit of 1204198987?
9
What is the units digit of 411858004?
4
What is the hundreds digit of 2820605208?
2
What is the hundreds digit of 1128532891?
8
What is the hundreds digit of 1612933260?
2
What is the hundreds digit of 250108050?
0
What is the ten thousands digit of 938635097?
3
What is the units digit of 42643070?
0
What is the hundred thousands digit of 57593960?
5
What is the millions digit of 1862047203?
2
What is the hundred millions digit of 2845841884?
8
What is the units digit of 44139363?
3
What is the units digit of 3623745667?
7
What is the thousands digit of 806482973?
2
What is the thousands digit of 48793324?
3
What is the ten thousands digit of 28790300?
9
What is the tens digit of 344088987?
8
What is the thousands digit of 980723243?
3
What is the ten thousands digit of 93392252?
9
What is the hundred thousands digit of 4086949644?
9
What is the millions digit of 405143257?
5
What is the hundred thousands digit of 13935195?
9
What is the tens digit of 300786798?
9
What is the hundred millions digit of 190299901?
1
What is the ten thousands digit of 2757347338?
4
What is the units digit of 285776320?
0
What is the hundred millions digit of 5940463914?
9
What is the thousands digit of 265832704?
2
What is the hundred millions digit of 213645365?
2
What is the thousands digit of 36510157?
0
What is the tens